ase 14) to base 4.
2310333303
206628 (base 9) to base 15
2668e
What is 7a5266 (base 16) in base 7?
125065452
78043 (base 11) to base 8
335036
4462560 (base 9) to base 2
1001001010101110101011
Convert 145707 (base 13) to base 11.
30aa36
What is 485474 (base 11) in base 14?
160128
What is -4375 (base 13) in base 11?
-7068
Convert 110120222 (base 3) to base 7.
35522
What is 213941 (base 10) in base 12?
a3985
Convert 385071 (base 10) to base 5.
44310241
What is 2343221433 (base 5) in base 2?
10100110001011001111011
-2103123213 (base 4) to base 11
-382781
What is -32344420 (base 5) in base 9?
-463441
Convert 91a125 (base 12) to base 13.
61994c
What is -179074a (base 11) in base 5?
-1234002323
What is -66321654 (base 7) in base 15?
-779bd6
What is 2a3a8 (base 16) in base 14?
4706c
Convert 214312003 (base 5) to base 11.
58735a
Convert -19a59 (base 16) to base 7.
-615160
What is 37517 (base 9) in base 15?
7707
What is -10b6d0 (base 15) in base 14?
-16ab93
-16034a (base 14) to base 12
-311012
What is -4a5805 (base 16) in base 2?
-10010100101100000000101
What is 2412110441 (base 5) in base 10?
5581996
What is 18d6d8 (base 15) in base 2?
100100111010111001011
698b1a (base 16) to base 10
6916890
What is -103014 (base 11) in base 13?
-5a18b
What is -30374671 (base 8) in base 3?
-110002012211220
Convert 10576c7 (base 15) to base 7.
201120103
Convert 113124104 (base 5) to base 9.
873025
Convert -74ac55 (base 16) to base 15.
-a1087d
154225 (base 13) to base 8
1775767
Convert 45031 (base 13) to base 8.
364525
What is -480a37 (base 11) in base 12?
-309386
What is -14bd364 (base 14) in base 10?
-10139756
What is 1352231 (base 6) in base 11?
52929
What is 12200100210 (base 3) in base 2?
11011010010111001
-2621522 (base 9) to base 3
-2200201120202
What is db8144 (base 14) in base 7?
120131514
What is -1119b3a (base 13) in base 11?
-2a65182
What is 3234244112 (base 5) in base 12?
23b0166
What is -2311729 (base 13) in base 14?
-161194d
211123333000 (base 4) to base 13
2057c95
What is 11ad03 (base 16) in base 2?
100011010110100000011
What is -110045 (base 7) in base 2?
-100101100101001
Convert -188ea (base 16) to base 3.
-12002222102
-260644 (base 10) to base 2
-111111101000100100
506b7 (base 16) to base 10
329399
What is 582256 (base 10) in base 3?
1002120201001
Convert 67a0249 (base 11) to base 13.
260a064
-10101111001100001 (base 2) to base 10
-89697
-1646253 (base 8) to base 12
-1b0a0b
22212112110121 (base 3) to base 4
101333010133
Convert 80342 (base 10) to base 8.
234726
What is -2321133 (base 7) in base 9?
-483073
-2212210121220 (base 3) to base 7
-16005411
What is -6a76a (base 11) in base 4?
-120322333
Convert -4020511 (base 6) to base 13.
-68296
Convert 110033223102 (base 4) to base 10.
5307090
Convert -210211221 (base 3) to base 12.
-9274
What is -e497e0 (base 15) in base 16?
-a5ccf6
What is 114450 (base 10) in base 5?
12130300
Convert 105111313 (base 6) to base 4.
13111103331
1110011111000010 (base 2) to base 10
59330
-1444132240 (base 5) to base 4
-32313022021
Convert -2195a (base 14) to base 4.
-103320030
What is 29b25 (base 16) in base 9?
280245
1686027 (base 9) to base 13
270085
What is -10000000000010000110 (base 2) in base 11?
-329008
-10000111000010000101 (base 2) to base 11
-348602
Convert -673133 (base 10) to base 3.
-1021012100212
What is 683393 (base 10) in base 13?
1ac099
Convert -34310234 (base 5) to base 6.
-10325012
Convert -375453 (base 8) to base 5.
-13123320
What is 2b04024 (base 13) in base 5?
12004343114
Convert -10871 (base 12) to base 7.
-121030
Convert 2210388 (base 11) to base 15.
519ad4
What is -110011010011010100 (base 2) in base 9?
-350220
What is 324013442 (base 5) in base 12?
5714ab
What is 21645623 (base 8) in base 5?
2144004103
-671611 (base 8) to base 2
-110111001110001001
-2236b9 (base 13) to base 2
-11000101001000101001
-13032013 (base 4) to base 9
-44511
Convert -2132320331 (base 4) to base 5.
-131311223
What is 2000111100020 (base 3) in base 13?
2b72a4
What is -120022302003 (base 4) in base 16?
-60ac83
Convert 1a571 (base 11) to base 9.
43245
12105503 (base 8) to base 6
132541203
What is -4b5c8a (base 13) in base 12?
-734a72
What is 2894b (base 14) in base 6?
2053451
What is -4ab115 (base 12) in base 8?
-4522341
What is 10100100112 (base 3) in base 6?
1224535
What is -20102101001 (base 3) in base 13?
-456b2
What is -3312a2 (base 11) in base 8?
-2010571
23772 (base 13) to base 8
176735
What is -3310164 (base 8) in base 7?
-10361454
1048933 (base 14) to base 10
7706961
-222131031 (base 4) to base 14
-47537
What is -264052 (base 8) in base 13?
-32c76
What is 101001000001001101000101 (base 2) in base 14?
15dc95b
Convert b989c (base 14) to base 5.
103331403
Convert 399431 (base 10) to base 5.
100240211
Convert -42140030 (base 6) to base 16.
-12b532
-200001110201 (base 3) to base 12
-15179a
Convert -17762315 (base 8) to base 13.
-b37c22
Convert -4133243 (base 5) to base 9.
-113177
Convert 11000011110011101 (base 2) to base 10.
100253
What is 624777 (base 12) in base 9?
2810781
What is -41203003 (base 5) in base 15?
-692bd
-1200021002121 (base 3) to base 12
-36b6a4
Convert 7ab67 (base 12) to base 13.
598c9
Convert -356563 (base 7) to base 3.
-10021212001
-401332243 (base 5) to base 9
-2882581
232265605 (base 7) to base 2
110110011111101011111011
-110021100122 (base 3) to base 5
-30212214
What is -34331300 (base 8) in base 12?
-25b4140
Convert 208b1 (base 12) to base 11.
2a140
What is 18854177 (base 9) in base 6?
540311241
Convert 4732a59 (base 11) to base 2.
11111100000111101010100
-11222012221 (base 3) to base 5
-11112341
What is 1345210 (base 8) in base 15?
776bd
Convert -38a381 (base 13) to base 15.
-1be669
1adcb (base 16) to base 7
635531
What is -220c8 (base 13) in base 10?
-61680
What is 10a6a88 (base 11) in base 16?
1d685f
What is 4f819 (base 16) in base 10?
325657
-23321302301 (base 4) to base 15
-419805
What is -101142 (base 6) in base 14?
-2d14
What is 4738348 (base 9) in base 7?
30541604
What is -1031000222 (base 4) in base 3?
-121000200202
-be848 (base 16) to base 2
-10111110100001001000
-40833 (base 9) to base 10
-26922
322064 (base 8) to base 10
107572
Convert -d3cc8 (base 15) to base 10.
-671138
10001011011111000111 (base 2) to base 8
2133707
Convert 2100034340 (base 5) to base 3.
22002102121000
10733552 (base 8) to base 14
44d05c
What is 4b8b5 (base 14) in base 15?
39eba
What is -10110000011111011011 (base 2) in base 9?
-1321570
-111832 (base 14) to base 9
-1074376
What is -307001 (base 8) in base 3?
-12011202200
What is 3357168 (base 11) in base 8?
26335351
Convert 22260465 (base 7) to base 4.
13113112113
What is 8a574a (base 15) in base 3?
110102022011221
What is 8ac7a9 (base 13) in base 16?
321ab8
-102122211021 (base 3) to base 8
-700203
What is 1001101001101111010 (base 2) in base 6?
10440134
What is 17db (base 14) in base 3?
12220121
What is -8b3937 (base 12) in base 2?
-1000011111010001111011
What is -180764 (base 10) in base 12?
-88738
Convert 320450 (base 11) to base 13.
14c647
Convert -375366 (base 8) to base 4.
-133223312
Convert 4ad89 (base 14) to base 2.
101100110111011101
What is 222202002 (base 4) in base 16?
2a882
Convert -108240 (base 9) to base 3.
-10022021100
585d7 (base 15) to base 8
1045554
What is 2055222 (base 7) in base 14?
66b12
-12689 (base 15) to base 7
-333405
What is 2002110201110 (base 3) in base 16?
10f5e1
Convert 1b4929 (base 14) to base 15.
143537
Convert 11311212 (base 5) to base 2.
11001010111111100
Convert 84a30 (base 11) to base 12.
5b6bb
What is -24331313 (base 6) in base 5?
-144232140
Convert -429672 (base 13) to base 6.
-53300530
What is 75556076 (base 8) in base 9?
33387330
Convert -126901 (base 12) to base 13.
-a75a5
114350 (base 7) to base 14
77d0
54612 (base 7) to base 9
20680
What is 1220002201 (base 3) in base 5?
2143002
Convert 5254002 (base 7) to base 12.
267746
-139129 (base 13) to base 6
-14120041
Convert 19c361 (base 14) to base 15.
131b49
Convert 26ed24 (base 15) to base 2.
111001001001101000101
What is -11415653 (base 7) in base 3?
-1220110101122
What is 12221200 (base 4) in base 13?
c51a
c3c6d5 (base 15) to base 4
203200010321
45250021 (base 6) to base 12
563911
Convert -1022124334 (base 5) to base 15.
-2c5ae9
563661 (base 7) to base 16
185df
Convert 46cc